ded by s.
13
What is the remainder when 1915 is divided by ((-60)/14)/((30 + 10)/(-1120))?
115
Let u be (-2 - 1) + (-5)/((-20)/1248). Let j = u + -303. What is the remainder when 153 is divided by j?
3
Let d(h) be the first derivative of h**3/3 - 16*h**2 + 71*h + 92. Suppose -3 + 41 = 2*o. What is the remainder when o is divided by d(30)?
8
Suppose 0 = -5*o + 20 - 10, 2*m + 3*o = 106. What is the remainder when m is divided by 18?
14
Let c = -56 - -32. Let p = c + 44. Calculate the remainder when (-3)/(-3 - -39)*-39*(49 + -37) is divided by p.
19
Let z(f) = 436*f - 14052. What is the remainder when z(41) is divided by 17?
16
Let q be 1/(57/90 - (-4)/(-5)). Let v be 4/q - 104/(-39). Suppose 22 = 3*s + 5*x - 7, v*x - 22 = -2*s. What is the remainder when 23 is divided by s?
10
Let p = -2953 - -2973. What is the remainder when 1518 is divided by p?
18
Suppose 0 = u - 11985 + 1364. Calculate the remainder when u is divided by 85.
81
Suppose -21*b = -21698 + 3268 - 31214. Calculate the remainder when b is divided by 55.
54
Let f = 537 - 524. Let c be 4 + (-11 - -1)*-149. What is the remainder when c/30 - 1/(-5) is divided by f?
11
Suppose -6*j = -837 - 1749. Let b = j + -394. Calculate the remainder when b is divided by 20.
17
Suppose -12*v + 254 = -202. Let u = 39 - -53. What is the remainder when u is divided by v?
16
Suppose 0 = -81*x + 3*x + 4446. What is the remainder when 270 is divided by x?
42
Suppose 4*q + 12 = -a - 2*a, -4*a - 3*q = 9. Suppose a = 4*j + 7 + 5, f = 2*j + 48. What is the remainder when f is divided by 19?
4
Suppose -26 = p - 74. Suppose -p = -3*a - 5*f + 3*f, -f = 3*a - 45. Suppose -2*c = -a*c + 120. What is the remainder when 34 is divided by c?
4
Suppose 0 = -2*t - 5*f + 2486, -5*f + 832 = 5*t - 5443. What is the remainder when t is divided by 589?
85
Let o = -3 - -5. Let x be (o/4)/((-11)/(-682)). Suppose -42 - x = -z. Calculate the remainder when z is divided by 15.
13
Suppose -3*f - 18 = -0*f. Let t(r) = -r**3 - 6*r**2 - r + 8. Let o(g) = 41*g - 1397. Calculate the remainder when o(35) is divided by t(f).
10
Let x = -21432 - -41101. Calculate the remainder when x is divided by 249.
247
Let g be (-66)/(-132)*(1 - 785). Let f = -324 - g. Suppose 0 = -2*n + 7*n - o - 73, 3*n - o = 45. What is the remainder when f is divided by n?
12
Suppose -10*c = -4*c - 318. Let y = c + -51. Suppose 42 = 2*i - 2*j, 4*j = y*i + 9 - 51. Calculate the remainder when i is divided by 6.
3
Let f be ((-22)/10)/(44/(-220)). Let j(g) = -2*g**3 + 21*g**2 + 21*g - 57. What is the remainder when 99 is divided by j(f)?
46
Suppose 17 = -i - 4*k, 3*k = -4*i - 0*k - 68. Let q = i - -61. What is the remainder when q is divided by 15?
14
Let w = -68 - -126. Let q = -66 + w. Calculate the remainder when 18 is divided by 5 + (-6)/(-24) + 2/q.
3
Suppose -7*h + 37*h = 2640. What is the remainder when 180 is divided by h?
4
Let k = -1353 + 1356. Suppose -45 = -2*u + u + 2*w, -k*w = -2*u + 91. Let o(g) = 17*g**2 - 3*g - 3. Calculate the remainder when o(-4) is divided by u.
46
Let b = -8893 + 9031. Calculate the remainder when b is divided by 27.
3
Suppose -2*g - g + 6 = 0, -4*a = g - 6. Let p(l) = 12*l**2 - 8*l + 8. What is the remainder when 19 is divided by p(a)?
7
Suppose -4*i - r = -7, 12 = 4*i + 2*r - 6*r. Calculate the remainder when (1/i)/((-21)/(-3150)) is divided by 16.
11
Let n(h) = 252*h + 24794. Suppose 4*k + 2*u = 144, -2*k + 3*u + 134 = 2*k. Calculate the remainder when n(-98) is divided by k.
28
Suppose -4*z - 137 = -4*s + 151, z = 3*s - 206. Suppose 5*o + 5*h = 6*h + s, o - 17 = 2*h. Calculate the remainder when ((-4)/(-2) - -1)*17 is divided by o.
12
Suppose 2*q + 2*q - 4*a = 100, q - 15 = 3*a. Let d(p) = -4*p - 11. Let y be d(20). Let r = y - -102. Calculate the remainder when q is divided by r.
8
Let u(y) = -29*y**2 + 11*y + 8. Let a(x) = -60*x**2 + 23*x + 17. Let h(q) = 6*a(q) - 13*u(q). What is the remainder when 58 is divided by h(-1)?
18
Suppose 3*y - 314 - 80 = 5*q, 2*y - 261 = 5*q. Let n(d) = 6*d - 137 - 137 + 253. What is the remainder when y is divided by n(5)?
7
Suppose 4*p = 4 + 16. Let t be (-20 - (2 - p)) + 1. Let w(g) = 2*g**2 + 25*g + 16. Calculate the remainder when w(t) is divided by 13.
11
Let j = 9456 + -9396. Calculate the remainder when j is divided by 11.
5
Let a = -5836 - -5857. What is the remainder when 1700 is divided by a?
20
Let u = -5943 - -7673. What is the remainder when u is divided by 561?
47
Suppose 175*b - 26288 = 21928 - 4641. What is the remainder when 646 is divided by b?
148
Let d(j) = 10*j + 33. Let x be d(-5). Let z = x - -18. Suppose 5*r = -4*k + z + 47, -2*k = -5*r + 36. What is the remainder when r is divided by 3?
2
Calculate the remainder when 45 is divided by 2*3/69 + (-320)/(-23).
3
Suppose 26*j + 320 = 28*j. Let s = -943 + 952. Calculate the remainder when j is divided by s.
7
Let w(z) = -z**3 - 6*z**2 - 30*z - 338. Suppose 0 = -4*b - 1 - 3, 2*b + 826 = 4*y. Calculate the remainder when y is divided by w(-8).
26
Let u(j) = -j**2 + 30*j + 31. Let y be u(26). Let b = -125 + y. Let k = -65 + 92. What is the remainder when k is divided by b?
7
What is the remainder when (-806 + -2)/(0 - 2) is divided by 102?
98
Suppose -60*v + 13041 = 101*v. Calculate the remainder when 1602 is divided by v.
63
Let y(t) = -t**3 - 3*t**2 - 16*t + 8. Let m(n) = -n**3 + n**2 - n + 1. Let a(g) = 2*m(g) - y(g). Calculate the remainder when a(5) is divided by 33.
31
Suppose 28*l + 1423 - 3019 = 0. Calculate the remainder when l is divided by 5/((-15)/6) + 15.
5
Suppose 10*z - 66*z = -672. Let m(l) = -l**2 - 4*l - 2. Let v be m(-5). Let h = v + 51. Calculate the remainder when h is divided by z.
8
Let m(a) = -3*a + 73. Suppose -79*k + 82*k - 33 = 0. Calculate the remainder when m(k) is divided by 14.
12
Suppose -3*r + 22 = p, -4 = -r + 4*p - p. Suppose 1430 = r*u - 208. Calculate the remainder when u is divided by 60.
54
Suppose -6864 = -44*h + 6688. Let d = h + -286. Calculate the remainder when 96 is divided by d.
8
Let b(c) = 36*c + 500. What is the remainder when 370 is divided by b(-13)?
18
Suppose 0 = 4*i - 3*v - 25, 0 = -i - 6*v + 3*v + 10. Suppose 26*s - i - 409 = 0. What is the remainder when 46 is divided by s?
14
Let j = -3224 + 3340. Calculate the remainder when 1300 is divided by j.
24
Let h(g) = 29*g**2 + 18*g**2 + 2 - 39*g**2. Suppose -y + 5*y - 156 = 0. Calculate the remainder when y is divided by h(1).
9
Suppose -18*b = 52*b - 13*b - 6156. What is the remainder when 10905 is divided by b?
105
Suppose 0 = 61*t - 22711 - 33653. What is the remainder when t is divided by 24?
12
Let s = 566 + -709. Let b = s + 179. Suppose 37 + 2 = 3*u. Calculate the remainder when b is divided by u.
10
Suppose 31008 = 162*d - 15000. What is the remainder when 460 is divided by d?
176
Let o be (0 - (2 + -2)) + (-2 - -3). Let m be (o - (-7)/(-5))*(-9 + -41). Suppose -2*g = 10, m = 2*z - 2*g - 2. What is the remainder when 21 is divided by z?
3
Suppose 2*h + 2227 + 5899 = 2*v, v = 4*h + 4081. Calculate the remainder when v is divided by 123.
121
Let o = -320 - -322. Suppose -2*f + 542 = 2*x, -3*x - o*f = x - 1086. Calculate the remainder when x is divided by 55.
52
Calculate the remainder when 1928 is divided by (-1)/5 - (-27)/(1080/2408).
8
Let r = 28870 + -28243. What is the remainder when r is divided by 299?
29
Let d(r) = 2*r**2 + 28*r - 14. Suppose -2*c + 4 = 4*o + 14, 3*o - 60 = 3*c. What is the remainder when 189 is divided by d(c)?
13
Let k = 1152 + -1149. Calculate the remainder when ((-3)/(-10 - -1))/(k/81) is divided by (-3)/((-5)/2 + 1).
1
Suppose -52941 + 108455 = 102*c - 84736. Calculate the remainder when c is divided by 273.
10
Suppose 113*t - 15208 = 27258 + 185229. What is the remainder when t is divided by 126?
125
Suppose 5*y - 3240 = -5*h, 5*y + 33*h - 32*h = 3244. Calculate the remainder when y is divided by 311.
27
Let r(g) = 5*g**2 - 68*g + 199. Let c = 57 - 34. Calculate the remainder when r(12) is divided by c.
11
Let x = 518 + -507. Suppose -27*z + 24*z = -n + x, 5*n = z + 125. Let y(s) = -5*s - 5. What is the remainder when n is divided by y(-4)?
11
Let v = 371267 - 371063. Calculate the remainder when v is divided by (6*(-6)/(-4))/1.
6
Let s = 14182 - 13700. Calculate the remainder when 983 is